 w(-13).
-362
Let d(l) = -59*l - 24. Determine d(1).
-83
Let a(c) = -357*c - 5. Determine a(0).
-5
Let c(a) = -6*a**2 - 100*a - 286. Give c(-3).
-40
Let j(v) = -129*v + 4639. What is j(36)?
-5
Let c(k) = k**3 + 89*k**2 - 79*k + 998. What is c(-90)?
8
Let w(o) = -2*o**2 + 59*o - 38. Determine w(28).
46
Let m(d) = d**3 - 7*d**2 - 7*d + 2. Determine m(-1).
1
Let q(w) = 4*w**2 + 21*w + 91. Give q(-4).
71
Let j(a) = -a**2 + 36*a + 613. Determine j(-14).
-87
Let m(j) = -j**2 - 15*j + 428. Calculate m(16).
-68
Let x(t) = t**2 + 18*t + 55. Determine x(-15).
10
Let d(z) = -2*z**2 + 25*z + 665. Give d(25).
40
Let n(w) = 2316*w**2 + 6926*w + 2. Give n(-3).
68
Let m(c) = -c**3 - 17*c**2 + 29*c - 37. Calculate m(-19).
134
Let m(q) = 19*q**3 - 153*q**2 + 45*q - 306. Calculate m(8).
-10
Let u(m) = -m**3 - 69*m**2 - 446*m - 760. Determine u(-62).
-16
Let v(w) = -5*w**2 - 119*w - 31. Calculate v(-23).
61
Let f(p) = 3*p**2 - 37*p + 104. Calculate f(8).
0
Let z(b) = -3*b**2 - 30*b + 38. Determine z(-14).
-130
Let t(s) = s**3 + 19*s**2 - 86*s - 443. Give t(-22).
-3
Let v(s) = s**3 - 14*s**2 - 13*s + 22. Give v(15).
52
Let s(b) = b**3 + 21*b**2 + 111*b + 5. Determine s(-11).
-6
Let m(f) = f**3 + 10*f**2 - 54*f - 19. What is m(-14)?
-47
Let v(i) = -i**2 + 122*i - 476. What is v(4)?
-4
Let w(b) = -98*b - 497. Calculate w(-5).
-7
Let j(r) = 12*r - 281. Give j(20).
-41
Let b(t) = -t**3 - 18*t**2 - 60*t + 131. What is b(-6)?
59
Let r(d) = -d**2 - 23*d + 49. Determine r(-12).
181
Let u(d) = -5*d**2 + 48*d + 13. Determine u(9).
40
Let r(z) = -72*z - 3676. Calculate r(-51).
-4
Let n(w) = 8084*w - 64667. What is n(8)?
5
Let n(a) = -21*a**2 - 120*a + 818. Calculate n(4).
2
Let x(n) = -2265*n**2 - 18115*n + 42. What is x(-8)?
2
Let s(x) = -31236*x + 93706. Calculate s(3).
-2
Let a(g) = -4*g - 314. What is a(-83)?
18
Let b(w) = 3295*w - 3295. Calculate b(1).
0
Let x(m) = -m**3 - 26*m**2 - 44*m + 96. Give x(-24).
0
Let z(j) = -2*j**2 + 257*j - 2374. Determine z(10).
-4
Let z(h) = -h**3 - 11*h**2 - 22*h - 8. Calculate z(-8).
-24
Let p(h) = h**3 - 9*h**2 - 56*h - 4. Give p(-4).
12
Let n(a) = 2*a**2 - 188*a + 721. What is n(4)?
1
Let l(d) = 2*d**2 + 31*d + 213. Give l(-10).
103
Let l(z) = 117*z - 4338. Determine l(37).
-9
Let d(o) = 745*o + 716. Give d(-1).
-29
Let o(r) = 2*r**2 + 547*r + 27392. Calculate o(-66).
2
Let s(n) = -n - 246. What is s(67)?
-313
Let j(s) = -19*s**2 + 17*s - 115. Determine j(6).
-697
Let u(x) = 23*x - 126. What is u(4)?
-34
Let i(z) = -21*z + 72. Determine i(6).
-54
Let v(p) = -p**2 - 91*p + 74. Calculate v(-92).
-18
Let z(l) = l**3 + 34*l**2 + 2*l + 58. What is z(-34)?
-10
Let u(z) = -4*z**2 - 73*z + 22. Calculate u(-9).
355
Let z(o) = -152*o - 30. What is z(2)?
-334
Let c(m) = -m**3 - 5*m**2 + 10*m - 7. What is c(-6)?
-31
Let y(t) = -2*t**2 + 15*t + 11. Calculate y(6).
29
Let x(z) = 68*z**2 - 22*z + 38. Determine x(2).
266
Let k(v) = -v**2 + 56*v + 445. Calculate k(-7).
4
Let d(n) = 5*n**2 - 77*n - 12. Give d(16).
36
Let g(m) = -2*m**3 + 584*m**2 - 573*m - 2612. What is g(291)?
7
Let d(v) = v**2 + 313*v - 5610. Give d(17).
0
Let u(r) = -92*r - 1319. Determine u(-11).
-307
Let u(d) = d**2 - 32*d - 207. What is u(31)?
-238
Let j(h) = 895*h + 26856. What is j(-30)?
6
Let n(x) = -6*x**2 + 100*x + 396. Give n(20).
-4
Let v(h) = -h**2 - 32*h + 184. Give v(5).
-1
Let r(c) = -6*c**3 - 22*c**2 + 2*c + 29. What is r(-7)?
995
Let w(x) = 41*x**3 + 13*x**2 + 3*x + 1. What is w(-2)?
-281
Let l(w) = 7*w - 9. Calculate l(-15).
-114
Let h(p) = -2*p**3 - 20*p**2 + 18*p - 22. Determine h(-11).
22
Let m(g) = -67*g - 1971. Determine m(-29).
-28
Let t(x) = 32*x - 870. Give t(29).
58
Let k(q) = 2*q**3 - 4*q**2 - 10*q - 14. Calculate k(0).
-14
Let r(h) = h**2 - 197*h - 4142. Give r(-19).
-38
Let h(k) = 437*k + 6544. What is h(-15)?
-11
Let h(k) = k**3 + 31*k**2 + 59*k + 11. Determine h(-29).
-18
Let q(n) = -11*n - 54. Calculate q(-1).
-43
Let m(l) = 5*l**2 + 34*l + 90. What is m(-5)?
45
Let h(s) = 23*s + 423. Calculate h(-28).
-221
Let u(v) = 2*v**2 - 15*v + 35. What is u(10)?
85
Let b(s) = -7*s + 64. Determine b(3).
43
Let q(j) = -j**3 + 22*j**2 + 36*j - 303. What is q(23)?
-4
Let v(u) = -53*u - 1594. What is v(-28)?
-110
Let l(x) = -3*x**3 - 58*x**2 + 49*x + 13. Give l(-20).
-167
Let a(p) = 3923*p + 15696. Give a(-4).
4
Let a(r) = -2*r**3 - 99*r**2 - 476*r + 13. Give a(-5).
168
Let v(h) = h**2 + 29*h + 297. Give v(-35).
507
Let o(c) = -167*c - 1324. Give o(-8).
12
Let u(n) = -4*n**2 - 115*n - 601. What is u(-7)?
8
Let w(i) = -2*i**2 - 67*i - 71. Determine w(-35).
-176
Let q(u) = u**3 + 41*u**2 - 184*u - 187. What is q(-45)?
-7
Let n(y) = y**2 + 12*y + 46. Calculate n(-12).
46
Let q(k) = -3*k**3 + 29*k**2 - 122*k + 935. What is q(9)?
-1
Let g(b) = 2*b**3 - 18*b**2 + 922*b - 8292. Calculate g(9).
6
Let y(o) = o**2 - 128*o + 4040. Determine y(71).
-7
Let h(l) = -59*l - 890. Give h(-16).
54
Let z(j) = -j**3 + 7*j**2 + 23*j - 13. What is z(-3)?
8
Let r(q) = 239*q + 14339. Determine r(-60).
-1
Let k(r) = r**3 - r**2 - 31*r - 2. Calculate k(-5).
3
Let f(x) = x**3 + 11*x**2 + 55*x + 236. What is f(-8)?
-12
Let u(s) = s**3 - 143*s**2 + 693*s - 15. What is u(5)?
0
Let f(z) = -11*z**2 + 93*z + 7. Determine f(10).
-163
Let m(t) = -27*t - 1692. Calculate m(-62).
-18
Let y(p) = -p**3 + 103*p**2 - 204*p + 205. What is y(101)?
3
Let i(x) = -14*x - 34. Give i(-2).
-6
Let r(k) = k**2 + 183*k + 4838. Give r(-32).
6
Let w(r) = -r**2 - 114*r - 2502. Calculate w(-26).
-214
Let v(j) = 19*j - 372. Give v(22).
46
Let s(c) = 3*c**2 - 33*c - 84. What is s(-3)?
42
Let d(v) = -10*v**2 - 32*v - 20. Give d(-3).
-14
Let g(f) = 329*f + 22391. Give g(-68).
19
Let c(p) = -159*p - 2868. Calculate c(-18).
-6
Let b(y) = 442*y - 1804. Determine b(4).
-36
Let f(o) = 171*o - 2043. Calculate f(12).
9
Let c(q) = -21*q**2 - 7*q - 8. Calculate c(-1).
-22
Let j(p) = -2*p**3 + 9*p**2 + p - 17. What is j(7)?
-255
Let x(o) = -53*o**3 + 3*o**2 - 2*o - 2. Give x(-1).
56
Let w(i) = i**3 + 9*i**2 + 33*i + 171. Determine w(-7).
38
Let v(j) = 145*j - 3399. Determine v(23).
-64
Let l(p) = -p**2 + 17*p + 39. Give l(26).
-195
Let j(d) = -367*d - 4403. What is j(-12)?
1
Let z(s) = -s**2 - 3223*s - 64069. What is z(-20)?
-9
Let f(k) = -25*k**3 - 4*k + 2. Give f(-2).
210
Let k(f) = -f**3 - 9*f**2 + 339*f + 3057. Give k(-9).
6
Let m(t) = 1496*t - 130154. Give m(87).
-2
Let a(y) = -13*y + 288. Determine a(25).
-37
Let k(b) = b**3 + 100*b**2 - 93*b + 833. Give k(-101).
25
Let x(h) = h**3 + 9*h**2 + 37*h + 52. What is x(-2)?
6
Let t(u) = 35*u + 2024. Give t(-59).
-41
Let w(m) = 6*m**2 + 506*m + 143. Determine w(-84).
-25
Let x(q) = 209*q + 16285. What is x(-78)?
-17
Let b(q) = -q**2 + 34*q + 159. Give b(39).
-36
Let w(u) = -u**3 - 74*u**2 + 5194*u + 278. Calculate w(-118).
42
Let k(c) = -15*c - 484. Give k(-59).
401
Let a(y) = -62*y + 751. Determine a(12).
7
Let n(y) = -y**3 - 17*y**2 - 98*y - 202. Give n(-9).
32
Let v(j) = -j**2 - 223*j - 2131. Determine v(-10).
-1
Let a(x) = -3*x - 106. Give a(-35).
-1
Let g(y) = 11*y + 35. Calculate g(2).
57
Let p(t) = t**2 - 30*t + 61. Give p(5).
-64
Let v(r) = -7*r - 105. What is v(-27)?
84
Let p(m) = -11*m - 181. Determine p(-14).
-27
Let n(p) = p**2 + 19*p - 51. Determine n(3).
15
Let r(z) = 3*z - 125. What is r(18)?
-71
Let v(q) = 5*q**2 - 143*q + 173. What is v(27)?
-43
Let g(v) = 23*v**2 - 6*v - 8. Calculate g(-2).
96
Let j(k) = 471*k + 3226. What is j(-7)?
-71
Let x(o) = o**3 + 9*o**2 + 22*o - 13. Determine x(-6).
-37
Let x(w) = w**3 - 18*w**2 + 33*w - 17. Calculate x(16).
-1
Let t(s) = 2*s**3 - 54*s**2 - 56*s + 59. What is t(28)?
59
Let x(p) = 120*p + 911. Determine x(-8).
-49
Let h(i) = -i**3 - 122*i**2 + 123*i - 21. Calculate h(-123).
-21
Let b(d) = -d**2 - 185*d - 3699. What is b(-23)?
27
Let b(p) = 5*p**3 - 11*p**2 - 35*p - 8. What is b(0)?
-8
Let v(g) = 3*g**2 - 15*g + 9. What is v(6)?
27
Let y(l) = 29*l**3 + l**2 - 44*l - 46. Determine y(-1).
-30
Let h(c) = 4*c**3 + 13*c**2 - 9*c - 28. What is h(-4)?
-40
Let s(l) = 528*l - 16890. Determine s(32).
6
Let g(u) = 30*u + 21. Give g(18).
561
Let l(s) = s**3 - 10*s**2 - 109*s + 14. What is l(15)?
-496
Let l(v) = v**3 + 26*v**2 + 43*v - 137. What is l(-24)?
-17
Let u(s) = s**3 + 32*s**2 + 45*s + 428. Give u(-31).
-6
Let m(d) = 10*d**3 - 2*